 - -112?
-2aa6
In base 13, what is 591 - 0?
591
In base 2, what is -101 - -10001110010101010?
10001110010100101
In base 8, what is -42235 + 0?
-42235
In base 6, what is 12 + -225004?
-224552
In base 6, what is -3420103 - 2?
-3420105
In base 12, what is -415a + -84?
-4222
In base 16, what is -730 + 7?
-729
In base 14, what is -a - -7510?
7504
In base 16, what is -3 + a36f?
a36c
In base 11, what is 7a12a - -1?
7a130
In base 14, what is -350a + 4?
-3506
In base 15, what is 1 - 99e3?
-99e2
In base 5, what is -114 + 201202?
201033
In base 7, what is -2103015 - -6?
-2103006
In base 9, what is -15727 - -138?
-15578
In base 6, what is 203 - 2403?
-2200
In base 8, what is 1 + 203375?
203376
In base 14, what is -13449 - -22?
-13427
In base 3, what is 2100000101 - -1121?
2100001222
In base 2, what is -11001110010100101 + 0?
-11001110010100101
In base 13, what is 885 - -16?
89b
In base 10, what is -286 - -5390?
5104
In base 11, what is 76a - 16?
754
In base 5, what is 3 - 432144444?
-432144441
In base 5, what is -4223 - -14?
-4204
In base 12, what is -383 - 84?
-447
In base 9, what is 18767 + 212?
20080
In base 8, what is 16534 + -5?
16527
In base 13, what is -6250 - -4?
-6249
In base 14, what is -b7 + 9a?
-1b
In base 4, what is -112321021102 - -11?
-112321021031
In base 13, what is 1c8a - -a?
1c97
In base 11, what is 3 + 1593a?
15942
In base 4, what is -11 - 31232212?
-31232223
In base 14, what is -23 - -7d0?
7ab
In base 13, what is 0 + c4a9?
c4a9
In base 14, what is -1518d0c - -4?
-1518d08
In base 8, what is 113526 + -5?
113521
In base 14, what is c1 - 148?
-67
In base 7, what is -525 - 0?
-525
In base 12, what is 10 + 461a?
462a
In base 9, what is -11303 - -5?
-11287
In base 3, what is 1 - 1212212111?
-1212212110
In base 15, what is 2 + -aa51?
-aa4e
In base 7, what is -1 + 114302?
114301
In base 10, what is 21272 - -4?
21276
In base 11, what is 4101 - -1a9?
42aa
In base 12, what is 2 - -9a711?
9a713
In base 4, what is -33312 - 12123?
-112101
In base 3, what is 1 + -1021011010102?
-1021011010101
In base 8, what is 2100 - 3?
2075
In base 13, what is 127cc - -1?
12800
In base 14, what is 5d + -ab04?
-aa85
In base 6, what is 405 - 3551?
-3142
In base 11, what is -2 - 37a00?
-37a02
In base 7, what is 10254 - 3?
10251
In base 6, what is 212 - 121?
51
In base 7, what is 13432 - -1?
13433
In base 10, what is 6040 - 184?
5856
In base 4, what is -20323 + 23?
-20300
In base 5, what is 34020201 - 1?
34020200
In base 9, what is 177781 + 3?
177784
In base 7, what is 152 - 2415?
-2233
In base 3, what is 2 - 10212000220?
-10212000211
In base 13, what is 18752 - 2?
18750
In base 11, what is -56 + 444?
399
In base 8, what is 17216 - -21?
17237
In base 10, what is -10 + 28161?
28151
In base 12, what is 37663 - -1?
37664
In base 4, what is 1002200 + -13?
1002121
In base 7, what is -11 - 25524?
-25535
In base 16, what is -13e + -4?
-142
In base 8, what is 32 - 13060?
-13026
In base 5, what is 211111 + -2012?
204044
In base 13, what is 5b51b - 1?
5b51a
In base 14, what is -6cc8a - 4?
-6cc90
In base 2, what is -11 - 101001000110001101?
-101001000110010000
In base 8, what is 1066 + -123?
743
In base 14, what is 16572 + 3?
16575
In base 4, what is -23023210 - -1?
-23023203
In base 6, what is -4 - 3052241?
-3052245
In base 7, what is 5 + -160412?
-160404
In base 4, what is -13 + 20121202?
20121123
In base 3, what is 22122221 - -22221?
22222212
In base 13, what is -155 - -c97?
b42
In base 6, what is -12 - 33123?
-33135
In base 13, what is 1b662 - -5?
1b667
In base 10, what is 2864 + -42?
2822
In base 10, what is 7619 + 12?
7631
In base 6, what is 1020333 - 4?
1020325
In base 13, what is -a - -3927?
391a
In base 4, what is -133 - 211200?
-211333
In base 3, what is -12021221 + 2002?
-12012212
In base 6, what is -5 + 1552154?
1552145
In base 12, what is -2 - 45b9?
-45bb
In base 7, what is 33 - 502?
-436
In base 5, what is 304 + 3333?
4142
In base 9, what is -1 + 3872?
3871
In base 16, what is -190f1 - 5?
-190f6
In base 3, what is 100101 - 21011?
2020
In base 10, what is -14 - -547?
533
In base 16, what is 3 + 1b06?
1b09
In base 7, what is -11256 - 163?
-11452
In base 6, what is -1001433 + 21?
-1001412
In base 14, what is -26cba2 - -2?
-26cba0
In base 11, what is -1565 - 50a?
-1a74
In base 5, what is -10 - 1212233?
-1212243
In base 10, what is -110 - 13785?
-13895
In base 13, what is -583 + 34?
-54c
In base 5, what is -1214233 - 10?
-1214243
In base 8, what is 17111 - -124?
17235
In base 12, what is 3 - 58b6?
-58b3
In base 8, what is -1 - 2306152?
-2306153
In base 8, what is 105700 + 0?
105700
In base 11, what is 3 + -24395?
-24392
In base 12, what is 1bab5 + 10?
1bb05
In base 12, what is -5 + 1a243?
1a23a
In base 11, what is -12a58 + 14?
-12a44
In base 15, what is 11395 - -5?
1139a
In base 3, what is -10111100120 - -1000?
-10111022120
In base 13, what is 153 + 7a2c?
7b82
In base 15, what is 2 - -885?
887
In base 5, what is 201 + -100241?
-100040
In base 12, what is -129b - -1b?
-1280
In base 12, what is 10554 + -14?
10540
In base 4, what is -1 - -1231?
1230
In base 16, what is 263d - -14a?
2787
In base 8, what is -220131 + -3?
-220134
In base 8, what is 12 + 754?
766
In base 12, what is -3b003 - 6?
-3b009
In base 7, what is -6 - -26122?
26113
In base 12, what is 623 - 33?
5b0
In base 11, what is 1093 + 226a?
3352
In base 5, what is 4340212 + 3?
4340220
In base 13, what is 3 - -a8a8b?
a8a91
In base 9, what is 45 + 3015?
3061
In base 15, what is 417b - -c?
4188
In base 12, what is -170 + -306?
-476
In base 16, what is 5 + -1f9c?
-1f97
In base 9, what is 3 - 861703?
-861700
In base 7, what is -36521 + 3?
-36515
In base 8, what is -3345 - 53?
-3420
In base 9, what is 14 + 142384?
142408
In base 16, what is 2b - -4?
2f
In base 16, what is -5 - -2862?
285d
In base 9, what is -16 - -722?
705
In base 12, what is 18 + -935aa?
-93592
In base 7, what is -4 + 2005100?
2005063
In base 8, what is -2537 + 12?
-2525
In base 6, what is 503413 - 10?
503403
In base 2, what is -11 - -1101011111101100?
1101011111101001
In base 7, what is -160546 - 20?
-160566
In base 8, what is 472 - -3272?
3764
In base 4, what is -111 + -12113?
-12230
In base 10, what is -1473 + -122?
-1595
In base 7, what is -504 + -14526?
-15333
In base 14, what is -1bc + -14?
-1d2
In base 9, what is -7 - 2047046?
-2047054
In base 15, what is -79250c + -2?
-79250e
In base 15, what is 37 - -5ed?
635
In base 6, what is 4 - 2043250?
-2043242
In base 16, what is 9b2 - -7?
9b9
In base 11, what is -37 - -1144?
1108
In base 13, what is 6886 + c0?
6976
In base 7, what is -35603 - 5?
-35611
In base 14, what is -169 - 65?
-1d0
In base 2, what is 1100001010111 + -100?
1100001010011
In base 13, what is -599b01 + -5?
-599b06
In base 2, what is 100111100001011 - -110?
100111100010001
In base 2, what is 10111000100011001111 - 11?
10111000100011001100
In base 16, what is -b6e + b?
-b63
In base 9, what is 2 - 41484?
-41482
In base 16, what is -4 + -1a370?
-1a374
In base 12, what is -4 + 1337?
1333
In base 16, what is -7372 + 56?
-731c
In base 10, what is 20051 - 0?
20051
In base 12, what is 1a685 - 1?
1a684
In base 12, what is -3 - -98744?
98741
In base 4, what is -12031 - -2020?
-10011
In base 5, what is 3443 + -4313?
-320
In base 15, what is -1836d + 4?
-18369
In base 8, what is -20 + -1756?
-1776
In base 4, what is -10003011 + 121?
-10002230
In base 6, what is 2 - 2013123?
-2013121
In base 13, what is 113 - 231?
-11b
In base 3, what is 212212 - -212111?
1202100
In base 15, what is -4111 + -11?
-4122
In base 9, what is -64 + 20?
-44
In base 14, what is -1626 - -175?
-1491
In base 4, what is -1021 + -10102133?
-10103220
In base 4, what is -11 + 1111120311?
1111120300
In base 10, what is -201 - -302?
101
In base 15, what is 5c + 8d1?
93d
In base 11, what is -21 - 252?
-273
In base 16, what is -8 + 64d5?
64cd
In base 3, what is 1001111 + -10020?
221021
In base 3, what is -1001 - -2100?
1022
In base 3, what is -122 - -1012012?
1011120
In base 15, what is 7 + -105da?
-105d3
In base 13, what is 4 - -a12a?
a131
In base 9, what is 461 - -71?
542
In base 4, what is -2312323 + 13220?
-2233103
In base 14, what is 1489 - 73?
1416
In base 16, what is -5 + 5c1f?
5c1a
In base 12, what is 1271 + -8?
1265
In base 10, what is -236037 + -23?
-236060
In base 15,